867. Calculate the remainder when t is divided by 293.
258
Let u(l) = -5*l**3 + 3*l**2 + 4*l - 1. Let i(o) = 4*o - 5. Let a be i(2). Let m be u(a). Let q = m + 183. Calculate the remainder when q is divided by 22.
20
Suppose -205*s = -221*s + 432. Suppose -6*f - s = -81. Suppose -2*p = -0*p - 88. What is the remainder when p is divided by f?
8
Let g(r) = 5*r**2 - 396*r + 3232. Let o be g(8). Let u be (22/(-3))/((-1)/(-15)). Let y = u + o. Calculate the remainder when y is divided by 46.
44
Let b(p) = -2*p**3 - 2*p**2 + 12*p + 25. Suppose -71*d = -70*d - 15. What is the remainder when b(-6) is divided by d?
13
Calculate the remainder when 4651 is divided by 14 - 17/(170/(-50)).
15
Let i(k) be the third derivative of -k**4/24 + 15*k**3/2 - 117*k**2. What is the remainder when 253 is divided by i(13)?
29
Let q = -13 - -64. Let x = 3224 - 3193. Calculate the remainder when q is divided by x.
20
Suppose -136 = -3*p - 10. Suppose 0 = -2*v + 2, -4*k + 214 = 4*v + 50. What is the remainder when p is divided by k?
2
Let g(z) = -5*z**3 - 21*z**2 + 39*z + 115. What is the remainder when g(-7) is divided by 491?
37
Let m(t) = -28*t + 460. Calculate the remainder when 2075 is divided by m(16).
11
Suppose 2*d - 3 - 45 = 0. Calculate the remainder when 86/(-774) + (-2566)/(-9) is divided by d.
21
What is the remainder when 21*(4 - 15/(-9)) is divided by (3 - 2) + 240/6?
37
Let n(v) = v**3 - 13*v**2 - v + 16. Suppose -19*b = -18*b - 13. Let u be n(b). Suppose -12 = u*r - 51. What is the remainder when r is divided by 8?
5
Let f = 3376 - 3368. What is the remainder when 109 is divided by f?
5
Let o(h) = 215*h + 3704. What is the remainder when o(-16) is divided by 23?
11
Let w = -25248 + 25311. What is the remainder when 672 is divided by w?
42
Suppose 0*l + 4*l + 60 = 4*m, -4*m - 3*l + 39 = 0. What is the remainder when m/(-15) + 597*3/45 is divided by ((-49)/14)/((-2)/4)?
4
Let i(t) = 217*t**3 - 2*t**2 + 1. Let s be i(1). Let y = s + -74. Let a(u) = 478*u - 6185. Calculate the remainder when y is divided by a(13).
26
Let n = 28 - 20. Suppose 14*z - 10*z - 72 = 0. Calculate the remainder when z/4*(-140)/(-42) is divided by n.
7
Suppose 24*g = -0 + 96. Suppose 0 = -f - 3*l + 38, 8*f - g*l - 75 = 5*f. Calculate the remainder when 50 is divided by f.
21
Let a be 0 - -10*(8/(-20))/(-1). Suppose 3*c - 85 - 7 = -m, 118 = a*c - m. Suppose 5*p - 264 = 2*p. What is the remainder when p is divided by c?
28
Calculate the remainder when 894 is divided by 5*2/4*1924/370.
10
Let s = 1141 + 16218. Calculate the remainder when s is divided by 112.
111
Let v = -119 + 133. Suppose 4*k - 3*w = 156, 2*k - 5*w = k + 56. What is the remainder when k is divided by v?
8
What is the remainder when 831 is divided by (-69561)/708*2/6*-4?
45
Suppose 4*k = -572 - 28. Suppose 0 = -5*r + 8 + 52. What is the remainder when -5 - (-2)/((-4)/k) is divided by r?
10
Suppose -877*a + 2040 = -853*a. What is the remainder when 932 is divided by a?
82
Let r be (3/(-9)*-128)/((-2)/(-6)). Let o = 32 + r. Suppose 0 = 3*v + 4*x - o, x = -2*v + 4*v - 125. Calculate the remainder when v is divided by 21.
18
Let c be (1 + 2)/(-9) + (-2956)/(-12). Let b = c - 42. Calculate the remainder when b is divided by 41.
40
Suppose -2*g + b - 39 = -51, 3*g - 4*b = 3. Suppose -2 = -k - 0. Let w = k + 14. Calculate the remainder when w is divided by g.
7
Let f(y) = y**2 + 11*y + 22. Let o be f(-2). Suppose 15 = 2*p + 3*k, o*p + 5*k = 3*p - 10. Calculate the remainder when 18 is divided by p.
3
Calculate the remainder when ((-330)/(-4))/(((-248)/80)/(-31)) is divided by 12.
9
Let j = 4318 - 3815. What is the remainder when j is divided by 101?
99
Suppose 16 = -q - 3*q, 3*k - q - 670 = 0. Let h(s) = 2*s**2 + 1047*s - 16098. What is the remainder when k is divided by h(15)?
51
Let g(v) = v**3 + 16*v**2 - 38*v - 16. Let q be 38 - (-3)/(-3 + 0). Suppose -o = -0 - q. Calculate the remainder when o is divided by g(-18).
17
Let n be 1 - (5 + -7 + (-2)/(-1)). Let r be (2 - n) + 4/4. What is the remainder when 23 is divided by 14*r/(-4)*-1?
2
Let m = -6 + 46. Let t = -19 + m. What is the remainder when (303/(-24))/(-3*2/48) is divided by t?
17
Let k = 309 - 305. Suppose -76 = -3*h + 4*j + 241, -k*h + 406 = 3*j. What is the remainder when h is divided by 23?
11
Suppose 4*h - 2*i + 20 = 0, 10*h - 4*i + 12 = 9*h. Calculate the remainder when ((-2)/h)/((-21)/(-11592)) is divided by 20.
16
Let r(y) = 21*y - 195 - 5*y - 14 + 3*y. What is the remainder when r(20) is divided by 72?
27
Let r(k) = -3*k + 67. Suppose 0 = 3*q + 2*u - 23 - 43, -4*u = -5*q + 110. What is the remainder when 3 is divided by r(q)?
0
Let v = 32 - 12. Let c be 45*(93 - 1)*(-8)/(-40). What is the remainder when 203 is divided by -1 - ((-9)/15 - c/v)?
39
Suppose -4*h + 2*f - 569 = -f, 3*h = f - 428. Let m = h - -159. Calculate the remainder when 44 is divided by m.
12
What is the remainder when (((-42)/(-4) - 2) + -3)*392/4 is divided by 21?
14
Suppose -50*u + 2286 = -47*u. Let c = u - 705. Calculate the remainder when 70 is divided by c.
13
Let j(b) = 28*b**2 - 12*b - 32. Let w be j(-5). Suppose 13*k = 5*q + 11*k - w, -2*q = -3*k - 289. What is the remainder when q is divided by 37?
35
Calculate the remainder when -1 - ((-20)/8 + 1/(-2)) - -198 is divided by 23.
16
Let k = -16093 + 17276. What is the remainder when k is divided by 23?
10
Suppose -258267 = -127*o - 464*o. What is the remainder when o is divided by 73?
72
Let a(d) = d**2 - 23*d + 133. Let m be a(9). Suppose -3*r - y = -481, r - 9*y - 158 = -m*y. Calculate the remainder when r is divided by 23.
22
Let j(c) = c**3 + 44*c**2 - 66*c - 460. Calculate the remainder when j(-45) is divided by 31.
20
Let o be 0/(3 + -6 + 1). Suppose 5*n = 20, -3*a + 5*n + 0*n + 82 = o. What is the remainder when a is divided by 9?
7
Suppose 0*v - v + 4*k + 23 = 0, -k - 96 = -5*v. Let j = v + -5. Calculate the remainder when 83 is divided by j.
13
Suppose 8*c - 5*c + 4*q = -1015, 0 = 3*c - 5*q + 1060. Let a = -320 - c. What is the remainder when 173 is divided by a?
23
Let i = -5139 + 5297. What is the remainder when 780 is divided by i?
148
Let n(b) = -b**3 + 8*b**2 + 10*b + 27. Let f(r) = -3*r**2 - 44*r - 19. Let w be f(-14). Calculate the remainder when 107 is divided by n(w).
35
Suppose 5*s = 3*a + 137, -2*s + 3 + 58 = 5*a. Let c(x) = -25*x - 867. What is the remainder when c(-39) is divided by s?
24
Suppose 273 = 4*i + 61. Let g(b) = 8*b + 188. Let w be g(-22). Suppose -t + d + w = -12, -d - 66 = -3*t. What is the remainder when i is divided by t?
11
Let u be (2 - (-5)/5) + 137. Let v = u + 22. Suppose 12*m = -42 + v. Calculate the remainder when 58 is divided by m.
8
What is the remainder when 7/((-11244)/3750 + 3) - 3 is divided by 73?
65
Let v = -165 - -165. Suppose v = 6*y - 1283 - 163. What is the remainder when y is divided by 75?
16
Suppose 156 = 4*l - 2*w, 2*l - 4*w = -2*w + 78. Let r = l + -22. Suppose s - 26 = 4*c + r, -140 = -5*s + 5*c. What is the remainder when 77 is divided by s?
8
Let k = 243 - 22. Suppose -9*a - 50 + k = 0. What is the remainder when 109 is divided by a?
14
Let v(i) = -83*i + 582. What is the remainder when 103 is divided by v(7)?
0
What is the remainder when 136 is divided by (-378)/324 + 50/12 - (-118 - 3)?
12
Suppose -309 = -17*y + 4281. Let g = y - 264. Calculate the remainder when 52 is divided by g.
4
Suppose 2*y = 2*b + 496, -4*b + 472 = -668*y + 670*y. What is the remainder when y is divided by 121?
2
Suppose 0 = 12*c, -2*m + 5*c + 51 + 159 = 0. Suppose -3*f = -22 + 10. Calculate the remainder when m is divided by f.
1
Let y = 39 - 34. Suppose z + y*n - 41 = -z, -3*z + 4*n + 119 = 0. Let s(i) = i**3 + 6*i**2 + 7. What is the remainder when z is divided by s(-6)?
5
Let b be (4 + 38/(-4))*2. Let l = -17 - b. What is the remainder when 67 is divided by 15*(-4)/l - 6/(-3)?
7
Let h = -14 + 40. Let f(m) = 15*m**2 - 6*m - 1. Calculate the remainder when f(-2) is divided by h.
19
Let c be -1*(15/5)/(-3). Let u be 4*c + (105 - 1)/(-4). Calculate the remainder when 1*(u + 4)*2/(-4) is divided by 5.
4
Let a = 2545 + -2082. What is the remainder when a is divided by 96?
79
Let x(r) = -42*r**3 - 2*r**2 + r + 2. Let f = 78 - 48. Let i = 29 - f. What is the remainder when x(i) is divided by 